 3*h = -r, -2*h - 2*h = -5*x + 260. What is the tens digit of x?
4
Let y = 113 + -115. What is the hundreds digit of ((-6)/3 + 244/y)/(-1)?
1
Suppose 5*f - 2*s - 2*s = 27, 3*f - 15 = 2*s. Suppose -11*g + 335 = -17. What is the tens digit of (g/f)/(9/54)?
6
Let j(q) = q + 2. Let b be j(3). Suppose 0 = -4*l + b*l + 2. What is the units digit of (-4 - l) + 657/9?
1
Let a = -24 - -17. Let y(o) = o**2 - 3*o + 5. What is the tens digit of y(a)?
7
Suppose 0 = 5*z - 9 - 1. Let u be 2800/36 - (-2)/9. Suppose p - u = -z*p. What is the units digit of p?
6
Let c(x) = 9*x**2 + x**3 + 1 + 5 - 11*x + 2 + 0*x**2. What is the units digit of c(-9)?
7
Let f(v) = 3*v - 4. Suppose -2*t - 3*t = 0, 0 = -5*x + 4*t + 55. What is the units digit of f(x)?
9
Suppose -4*w + 277 = 5*g, -g - 2*w + 47 = -4*w. Let m(p) = -25*p + 19. Let b be m(2). Let t = b + g. What is the units digit of t?
2
Let h(l) = 2*l - 52 + 17*l - 10*l. What is the units digit of h(20)?
8
Suppose 0 = -30*q + 2349 + 32091. What is the hundreds digit of q?
1
Let p(r) = -r**3 + 2*r**2 - 5*r + 1244. What is the units digit of p(0)?
4
Suppose 246 = 5*j + l, -9*j - 208 = -13*j + 2*l. What is the tens digit of j?
5
Let s = 677 - 7. What is the units digit of s?
0
Let z be 870/27 + 2/(-9). Let y(s) = 3*s + 4. Let q be y(14). Suppose z = 2*j - q. What is the tens digit of j?
3
Let w(n) = n**2 - 3*n - 10. Suppose 2*j + 5*m - 4 = 0, -2*j - 2*m + 5*m + 20 = 0. What is the units digit of w(j)?
8
Let k(x) = -x**2 + 13*x - 16. Let h be k(11). Suppose -622 + 172 = -h*d. What is the units digit of d?
5
Suppose -x = k - 1229, 3*x + 5*k - 3125 = 558. What is the units digit of x?
1
Let l = -38 + 30. Let y be (4/l)/((-1)/4). Let b(q) = 16*q + 1. What is the tens digit of b(y)?
3
Let k be (-4)/((-40)/86) + 4/10. Suppose k*r = 436 + 518. What is the hundreds digit of r?
1
Let j(k) = -26*k**3 - 4*k**2 + 8*k + 73. What is the units digit of j(-5)?
3
Let k = -14 + 17. Let g(z) = 7*z**k - z**2 + 0*z**2 - 6*z**3. What is the units digit of g(3)?
8
Let q(g) be the third derivative of g**5/30 + 2*g**4/3 - 3*g**3/2 - 13*g**2. What is the tens digit of q(-12)?
8
Let i be -6 + 5/((-15)/(-6)). Let s be (2/i)/(3/18). What is the units digit of (-42)/(s*4/12)?
2
Let r(g) = 2*g + 18. Let h(j) = 4*j + 37. Let t(l) = -6*h(l) + 14*r(l). What is the units digit of t(13)?
2
Let c be 1/(-1)*(-332)/2. Let q = 278 - c. Let h = q - 54. What is the units digit of h?
8
Let x be -6 + 161 + 12/3. Let b = -41 + x. What is the hundreds digit of b?
1
What is the hundreds digit of 106/(-954) - 11737/(-9)?
3
Let v be -4 - (-99)/(-12) - 1/(-4). What is the units digit of 2 - ((-15)/12 - v/(-16))?
4
Suppose 58*g - 35866 = 144572. What is the tens digit of g?
1
Let i = -807 + 1464. What is the tens digit of i?
5
Let g = 918 + -332. What is the tens digit of g?
8
What is the units digit of (503/(-2))/(32/(-64)) - -3?
6
Let h = -14 + 23. Let r(x) = x**2 + x - 13. What is the units digit of r(h)?
7
Suppose k + 8*k + 1368 = 0. Let p = -1 - k. What is the units digit of p?
1
Suppose 6*z = 8*z - 36. Let p = z + 46. What is the tens digit of p?
6
Suppose -q + 1229 = 2*w, 2*w - 26*q + 28*q = 1230. What is the hundreds digit of w?
6
Suppose 4*c + 38 = 5*w, c + 16 = 3*w + 2*c. Suppose 29 = -5*a - 3*h, -3*h + 0 + w = 0. Let g(p) = 3*p**2 + 11*p + 10. What is the tens digit of g(a)?
8
Let d = 451 + -220. What is the hundreds digit of d?
2
Let s(v) = v**3 - 9*v**2 + 16*v - 8. Let b be s(7). What is the tens digit of b/27 + 1533/27?
5
Suppose 4*u + 2*k = 44, 5*k + 14 = u - 8. Suppose u*j - 709 = 35. What is the units digit of j?
2
Let a(f) be the third derivative of -7*f**4/3 - f**3/2 + 20*f**2. What is the tens digit of a(-1)?
5
Suppose -7*g = -2*g - 3*d - 15, 4*d + 20 = -5*g. Let p be (-4 - (1 + -2)) + g. Let b(f) = -8*f - 4. What is the tens digit of b(p)?
2
Let s be (3 + 0)*2/(-2). Let t be ((-6)/s)/(3/42). Let i = t - 11. What is the units digit of i?
7
Let g(d) = 4*d**2 + 5*d + 32. What is the tens digit of g(16)?
3
Suppose 441 = 3*j + 6*j. What is the units digit of j?
9
Suppose 4*x - 165 = q, -5*q - 23 = 4*x - 182. What is the units digit of x?
1
What is the thousands digit of 31*(-66)/5*(-155)/62?
1
Suppose 73 = -2*u - 5*d, 20 = -4*u + 5*d - 111. Let s = u + 80. What is the units digit of s?
6
Let w(i) = 13*i + 4. Let z be w(8). Let r be (-1267)/(-9) + 2/9. Suppose -l + 2*s + z = l, 0 = -3*l - 4*s + r. What is the tens digit of l?
5
Let r be (-3)/((-9)/6 + 0). Let g be (8/(-10))/(r/(-10)). Suppose g*k - 110 = 6. What is the units digit of k?
9
Suppose 3*q - 3*w - w + 361 = 0, -2*q = w + 259. Let n = -49 - q. What is the tens digit of n?
7
Let j = -11 + 15. Suppose 0 = -0*o - o + j. Suppose -o*n = -5*n + 13. What is the units digit of n?
3
Let d(q) = -q**3 + 2*q**2 - q + 1491. What is the hundreds digit of d(0)?
4
Let d = 55 - 38. Let g = d + -3. What is the tens digit of g?
1
Let w = -89 + 19. Let d = w - -157. What is the units digit of d?
7
Suppose 3*r = 6*r. Suppose 11 = -p + 5*p + 3*d, -5*p + 2*d + 31 = r. Suppose -2*t = -2*v + 27 + 53, p = -t. What is the tens digit of v?
3
Let s = 14 - 27. Let z(b) = b**3 + 13*b**2 - 4*b - 13. Let d be z(s). Suppose -15*w = -12*w - d. What is the tens digit of w?
1
Let b(k) = 563*k**2 - 140*k - 9. What is the hundreds digit of b(-3)?
4
Let o = -125 - -629. Suppose -10*j + 7*j + o = 0. What is the units digit of j?
8
Suppose -2*f + m = -980, -2*m - 164 = f - 644. What is the hundreds digit of f?
4
Let j = 31 + -26. Suppose -f + j = -3. Suppose 125 = f*c - 19. What is the units digit of c?
8
Let d = -36 - -36. What is the hundreds digit of 21/(-6)*(d + -30)?
1
Let x = -216 + 557. What is the hundreds digit of x?
3
Suppose 0 = -7*i - 1916 - 13876. What is the hundreds digit of i/(-18) + (6/9 - 0)?
1
Let t(x) = -2*x**2 - 13*x - 4. Let b be t(-6). Suppose 156 = b*a - 3*l, 3*l = 3*a - 4*a + 96. Let j = a + -50. What is the tens digit of j?
3
Let p be (6/8)/((-6)/(-24)). Suppose -4*z + 650 = 3*h, -2*h = -2*z + p*h + 338. Suppose -3*g = g - z. What is the units digit of g?
1
What is the units digit of -1 + 1 + (-4 - -13*12)?
2
Let g(o) = 63*o**3 - o + 1. Let y be g(1). Suppose y = 8*w - 7*w. What is the units digit of w?
3
Suppose 4*n + 11*w - 6*w - 150 = 0, -152 = -4*n - 4*w. What is the units digit of ((-624)/n)/((-6)/40)?
4
What is the hundreds digit of 9/(-4)*788572/(-411)?
3
Let t = 3 + -1. Suppose 95 = 5*a - u, 3*a + t*u - u - 65 = 0. Suppose -3*q + 2*w = 6*w - a, -4*q + 22 = 3*w. What is the units digit of q?
4
Let v(x) be the third derivative of -x**4/24 + 7*x**3/3 + x**2. Let k be v(8). Suppose -h - 75 = -k*h. What is the units digit of h?
5
Suppose 0 = -4*z + 1298 + 830. What is the units digit of z?
2
Suppose -22 = -s + 4*g, g = 2 - 7. Let c(f) = -6*f + 0*f**s - f**2 - 11*f - 15. What is the units digit of c(-14)?
7
Let b(h) = -h**3 + 26*h**2 - 19*h - 74. Let w = -29 + 54. What is the tens digit of b(w)?
7
Let u = 12 + -12. Suppose 0 = t - u - 2. Suppose 3*f - t*j - 28 = 0, -3*f + 4*j + 50 = 2*f. What is the units digit of f?
6
Let q = 79 + -56. Let p = -33 + q. Let h = p + 42. What is the units digit of h?
2
Suppose 712 = 4*a - 9*g + 5*g, -5*a + 894 = -3*g. Suppose 2*b + 2*s - 392 = 0, -b + a = -0*b - 3*s. What is the hundreds digit of b?
1
Let q(n) be the first derivative of -n**2/2 + 20*n + 1. Let u be q(15). Suppose u*w - 21 = -2*b + 3, 0 = -4*b + 3*w + 100. What is the units digit of b?
2
Suppose -33*z - 4*i = -29*z - 1776, -2*i = 4. What is the units digit of z?
6
What is the tens digit of ((67 + -26)/(1/20))/2?
1
Suppose 2*h - 2*u = 1460, 4*h - 2*u - 1388 = 1526. What is the units digit of h?
7
Let c be (9 + -5)/(3 + -2). Suppose 5*g - c*g + 3*o = 18, -108 = -5*g + 3*o. What is the tens digit of g?
2
Let q = -74 - -876. What is the tens digit of q?
0
Let s(x) be the second derivative of x**4/12 - x**3/3 - 5*x**2/2 - 7*x. What is the units digit of s(7)?
0
Let k(s) = 5*s**2 + 13*s + 3. Suppose 3*f = -3*w - 21, -3*w - 4*f - 18 = -w. What is the units digit of k(w)?
3
Let j(v) = 124*v + 31. Let b be j(7). Suppose -r = -4*c + 559, -b + 338 = -4*c - r. What is the hundreds digit of c?
1
Let r(u) = 190*u**3 - u**2 + u - 1. Let i(h) = h**3 - 6*h**2 + h - 5. Let l be i(6). Let s be r(l). What is the units digit of s